{"id":498,"date":"2014-12-18T16:38:01","date_gmt":"2014-12-18T16:38:01","guid":{"rendered":"http:\/\/derechosemipresencial.edu.umh.es\/?page_id=498"},"modified":"2021-09-01T15:24:33","modified_gmt":"2021-09-01T13:24:33","slug":"acceso-y-admision","status":"publish","type":"page","link":"https:\/\/derechosemipresencial.umh.es\/ca\/informacion-general\/acceso-y-admision\/","title":{"rendered":"Acceso y Admisi\u00f3n"},"content":{"rendered":"<p>[et_pb_section fb_built=&#8221;1&#8243; _builder_version=&#8221;4.2.2&#8243; background_image=&#8221;https:\/\/derechosemipresencial.umh.es\/files\/2021\/06\/1500&#215;500.jpg&#8221; height=&#8221;313px&#8221; hover_enabled=&#8221;0&#8243;][et_pb_row _builder_version=&#8221;4.2.2&#8243;][et_pb_column type=&#8221;4_4&#8243; _builder_version=&#8221;4.2.2&#8243;][et_pb_text _builder_version=&#8221;4.2.2&#8243; text_font=&#8221;|600|||||||&#8221; text_text_color=&#8221;#ffffff&#8221; text_font_size=&#8221;35px&#8221; transform_translate=&#8221;1px|-55px&#8221; text_orientation=&#8221;center&#8221; module_alignment=&#8221;center&#8221; hover_enabled=&#8221;0&#8243;]Grado en Derecho Semipresencial[\/et_pb_text][\/et_pb_column][\/et_pb_row][\/et_pb_section][et_pb_section fb_built=&#8221;1&#8243; _builder_version=&#8221;3.22&#8243;][et_pb_row _builder_version=&#8221;3.25&#8243; background_size=&#8221;initial&#8221; background_position=&#8221;top_left&#8221; background_repeat=&#8221;repeat&#8221;][et_pb_column type=&#8221;4_4&#8243; _builder_version=&#8221;3.25&#8243; custom_padding=&#8221;|||&#8221; custom_padding__hover=&#8221;|||&#8221;][et_pb_button button_url=&#8221;http:\/\/estudios.umh.es\/acceso\/grados\/preinscripcion-universitaria\/&#8221; url_new_window=&#8221;on&#8221; button_text=&#8221;ACCESO &#8221; button_alignment=&#8221;center&#8221; _builder_version=&#8221;4.2.2&#8243; custom_button=&#8221;on&#8221; button_text_color=&#8221;#000000&#8243; button_bg_color=&#8221;#ffffff&#8221; button_border_color=&#8221;#000000&#8243; button_use_icon=&#8221;off&#8221; box_shadow_style=&#8221;preset2&#8243;][\/et_pb_button][et_pb_text _builder_version=&#8221;4.2.2&#8243; background_size=&#8221;initial&#8221; background_position=&#8221;top_left&#8221; background_repeat=&#8221;repeat&#8221;]<\/p>\n<div>\n<p><strong>Admisi&oacute;n<\/strong><\/p>\n<\/div>\n<div>1.&nbsp;&nbsp;&nbsp;&nbsp;Modalidad de Bachillerato relacionada: Humanidades y Ciencias Sociales.<\/div>\n<div>&nbsp;<\/div>\n<div>2.&nbsp;&nbsp;&nbsp;&nbsp;T&eacute;cnico Superior de Formaci&oacute;n Profesional:<\/div>\n<div>&nbsp; &nbsp; &nbsp; &nbsp;Familia profesional:<\/div>\n<div>&nbsp; &nbsp; &nbsp; &nbsp;Administraci&oacute;n y Gesti&oacute;n\/ Administraci&oacute;n, Actividades F&iacute;sicas y Deportivas, Artes Gr&aacute;ficas, Comercio y Marketing, Hosteler&iacute;a y Turismo, Imagen Personal, Imagen y Sonido\/ Comunicaci&oacute;n, Imagen y Sonido, Seguridad y Medio&nbsp; &nbsp; &nbsp; &nbsp; &nbsp;Ambiente y Servicios Socioculturales y a la Comunidad.<\/div>\n<div>&nbsp;<\/div>\n<div>3.&nbsp;&nbsp;&nbsp;&nbsp;T&eacute;cnico Superior de Artes Pl&aacute;sticas y Dise&ntilde;o:<\/div>\n<div>&nbsp; &nbsp; &nbsp; &nbsp;Familia Profesional:<br \/>&nbsp; &nbsp; &nbsp; &nbsp;Artes Aplicadas al Libro, Arte Floral, Cer&aacute;mica Art&iacute;stica y Dise&ntilde;o Gr&aacute;fico.<\/div>\n<div>&nbsp;<\/div>\n<div>4.&nbsp;&nbsp;&nbsp;&nbsp;T&eacute;cnico Deportivo Superior:<br \/>&nbsp; &nbsp; &nbsp; &nbsp;Familia Profesional:<br \/>&nbsp; &nbsp; &nbsp; &nbsp;T&iacute;tulos de T&eacute;cnico Deportivo Superior de cualquier modalidad o especialidad deportiva.<\/div>\n<div>&nbsp;<\/div>\n<div>5.&nbsp;&nbsp;&nbsp;&nbsp;Ponderaciones:<br \/>&nbsp; &nbsp; &nbsp; &nbsp; Asignaturas con ponderaci&oacute;n 0,2<\/div>\n<div>&nbsp;<\/div>\n<div>Matem&aacute;ticas Aplic. en C. Sociales II<br \/>Geograf&iacute;a<br \/>Econom&iacute;a de la EmpresaAsignaturas con ponderaci&oacute;n 0,1<br \/>An&aacute;lisis Musical II<br \/>Biolog&iacute;a<br \/>Ciencias de la Tierra y Medioambientales<br \/>Dibujo Art&iacute;stico II<br \/>Dibujo T&eacute;cnico II<br \/>Dise&ntilde;o<br \/>F&iacute;sica<br \/>Griego II<br \/>Historia de la M&uacute;sica y la Danza<br \/>Historia del Arte<br \/>Lat&iacute;n II<br \/>Lenguaje y Pr&aacute;ctica Musical<br \/>Literatura Universal<br \/>Matem&aacute;ticas II<br \/>Qu&iacute;mica<br \/>T&eacute;cnicas de Expresi&oacute;n Graficopl&aacute;stica<\/div>\n<p>[\/et_pb_text][\/et_pb_column][\/et_pb_row][\/et_pb_section]<\/p>\n","protected":false},"excerpt":{"rendered":"<p>Grado en Derecho Semipresencial Admisi&oacute;n 1.&nbsp;&nbsp;&nbsp;&nbsp;Modalidad de Bachillerato relacionada: Humanidades y Ciencias Sociales. &nbsp; 2.&nbsp;&nbsp;&nbsp;&nbsp;T&eacute;cnico Superior de Formaci&oacute;n Profesional: &nbsp; &nbsp; &nbsp; &nbsp;Familia profesional: &nbsp; &nbsp; &nbsp; &nbsp;Administraci&oacute;n y Gesti&oacute;n\/ Administraci&oacute;n, Actividades F&iacute;sicas y Deportivas, Artes Gr&aacute;ficas, Comercio y Marketing, Hosteler&iacute;a y Turismo, Imagen Personal, Imagen y Sonido\/ Comunicaci&oacute;n, Imagen y Sonido, Seguridad y Medio&nbsp; [&hellip;]<\/p>\n","protected":false},"author":336,"featured_media":0,"parent":257,"menu_order":0,"comment_status":"closed","ping_status":"closed","template":"","meta":{"_et_pb_use_builder":"on","_et_pb_old_content":"<strong>Acceso<\/strong>\r\n<div>\r\n<div><a href=\"https:\/\/estudios.umh.es\/acceso\/grados\/preinscripcion-universitaria\/\" target=\"_blank\">https:\/\/estudios.umh.es\/acceso\/grados\/preinscripcion-universitaria\/<\/a><\/div>\r\n<div>\r\n\r\n\u00a0\r\n\r\n<span style=\"line-height: 13px\">\r\n<\/span><\/div>\r\n<strong>Admisi\u00f3n<\/strong>\r\n<div>1.\u00a0\u00a0\u00a0\u00a0Modalidad de Bachillerato relacionada: Humanidades y Ciencias Sociales.2.\u00a0\u00a0\u00a0\u00a0T\u00e9cnico Superior de Formaci\u00f3n Profesional:Familia profesional:\r\nAdministraci\u00f3n y Gesti\u00f3n\/ Administraci\u00f3n, Actividades F\u00edsicas y Deportivas, Artes Gr\u00e1ficas, Comercio y Marketing, Hosteler\u00eda y Turismo, Imagen Personal, Imagen y Sonido\/ Comunicaci\u00f3n, Imagen y Sonido, Seguridad y Medio Ambiente y Servicios Socioculturales y a la Comunidad.3.\u00a0\u00a0\u00a0\u00a0T\u00e9cnico Superior de Artes Pl\u00e1sticas y Dise\u00f1o:\r\nFamilia Profesional:\r\nArtes Aplicadas al Libro, Arte Floral, Cer\u00e1mica Art\u00edstica y Dise\u00f1o Gr\u00e1fico.4.\u00a0\u00a0\u00a0\u00a0T\u00e9cnico Deportivo Superior:\r\nFamilia Profesional:\r\nT\u00edtulos de T\u00e9cnico Deportivo Superior de cualquier modalidad o especialidad deportiva.5.\u00a0\u00a0\u00a0\u00a0Ponderaciones:\r\nAsignaturas con ponderaci\u00f3n 0,2\r\nMatem\u00e1ticas Aplic. en C. Sociales II\r\nGeograf\u00eda\r\nEconom\u00eda de la EmpresaAsignaturas con ponderaci\u00f3n 0,1\r\nAn\u00e1lisis Musical II\r\nBiolog\u00eda\r\nCiencias de la Tierra y Medioambientales\r\nDibujo Art\u00edstico II\r\nDibujo T\u00e9cnico II\r\nDise\u00f1o\r\nF\u00edsica\r\nGriego II\r\nHistoria de la M\u00fasica y la Danza\r\nHistoria del Arte\r\nLat\u00edn II\r\nLenguaje y Pr\u00e1ctica Musical\r\nLiteratura Universal\r\nMatem\u00e1ticas II\r\nQu\u00edmica\r\nT\u00e9cnicas de Expresi\u00f3n Graficopl\u00e1stica<\/div>\r\n<\/div>","_et_gb_content_width":"","ngg_post_thumbnail":0,"_links_to":"","_links_to_target":""},"_links":{"self":[{"href":"https:\/\/derechosemipresencial.umh.es\/ca\/wp-json\/wp\/v2\/pages\/498"}],"collection":[{"href":"https:\/\/derechosemipresencial.umh.es\/ca\/wp-json\/wp\/v2\/pages"}],"about":[{"href":"https:\/\/derechosemipresencial.umh.es\/ca\/wp-json\/wp\/v2\/types\/page"}],"author":[{"embeddable":true,"href":"https:\/\/derechosemipresencial.umh.es\/ca\/wp-json\/wp\/v2\/users\/336"}],"replies":[{"embeddable":true,"href":"https:\/\/derechosemipresencial.umh.es\/ca\/wp-json\/wp\/v2\/comments?post=498"}],"version-history":[{"count":0,"href":"https:\/\/derechosemipresencial.umh.es\/ca\/wp-json\/wp\/v2\/pages\/498\/revisions"}],"up":[{"embeddable":true,"href":"https:\/\/derechosemipresencial.umh.es\/ca\/wp-json\/wp\/v2\/pages\/257"}],"wp:attachment":[{"href":"https:\/\/derechosemipresencial.umh.es\/ca\/wp-json\/wp\/v2\/media?parent=498"}],"curies":[{"name":"wp","href":"https:\/\/api.w.org\/{rel}","templated":true}]}}

Acceso y Admisión

<strong>Acceso</strong>
<div>
<div><a href="https://estudios.umh.es/acceso/grados/preinscripcion-universitaria/" target="_blank">https://estudios.umh.es/acceso/grados/preinscripcion-universitaria/</a></div>
<div>

 

<span style="line-height: 13px">
</span></div>
<strong>Admisión</strong>
<div>1.    Modalidad de Bachillerato relacionada: Humanidades y Ciencias Sociales.2.    Técnico Superior de Formación Profesional:Familia profesional:
Administración y Gestión/ Administración, Actividades Físicas y Deportivas, Artes Gráficas, Comercio y Marketing, Hostelería y Turismo, Imagen Personal, Imagen y Sonido/ Comunicación, Imagen y Sonido, Seguridad y Medio Ambiente y Servicios Socioculturales y a la Comunidad.3.    Técnico Superior de Artes Plásticas y Diseño:
Familia Profesional:
Artes Aplicadas al Libro, Arte Floral, Cerámica Artística y Diseño Gráfico.4.    Técnico Deportivo Superior:
Familia Profesional:
Títulos de Técnico Deportivo Superior de cualquier modalidad o especialidad deportiva.5.    Ponderaciones:
Asignaturas con ponderación 0,2
Matemáticas Aplic. en C. Sociales II
Geografía
Economía de la EmpresaAsignaturas con ponderación 0,1
Análisis Musical II
Biología
Ciencias de la Tierra y Medioambientales
Dibujo Artístico II
Dibujo Técnico II
Diseño
Física
Griego II
Historia de la Música y la Danza
Historia del Arte
Latín II
Lenguaje y Práctica Musical
Literatura Universal
Matemáticas II
Química
Técnicas de Expresión Graficoplástica</div>
</div>
