{"id":1858,"date":"2021-07-25T12:23:36","date_gmt":"2021-07-25T10:23:36","guid":{"rendered":"http:\/\/derechosemipresencial.zeus.umh.es\/?page_id=1858"},"modified":"2025-09-11T01:01:33","modified_gmt":"2025-09-10T23:01:33","slug":"presentacion","status":"publish","type":"page","link":"https:\/\/derechosemipresencial.umh.es\/ca\/","title":{"rendered":"Presentaci\u00f3n"},"content":{"rendered":"<p>[et_pb_section fb_built=&#8221;1&#8243; _builder_version=&#8221;4.16&#8243; background_image=&#8221;https:\/\/derechosemipresencial.umh.es\/files\/2021\/06\/1500&#215;500-1.jpg&#8221; height=&#8221;440px&#8221; global_colors_info=&#8221;{}&#8221;][et_pb_row _builder_version=&#8221;4.16&#8243; global_colors_info=&#8221;{}&#8221;][et_pb_column type=&#8221;4_4&#8243; _builder_version=&#8221;4.16&#8243; global_colors_info=&#8221;{}&#8221;][et_pb_text _builder_version=&#8221;4.17.4&#8243; text_font=&#8221;|600|||||||&#8221; text_text_color=&#8221;#ffffff&#8221; text_font_size=&#8221;35px&#8221; transform_scale=&#8221;94%|94%&#8221; transform_translate=&#8221;42px|-52px&#8221; text_orientation=&#8221;center&#8221; module_alignment=&#8221;center&#8221; global_colors_info=&#8221;{}&#8221;]<\/p>\n<p>Grado en Derecho Semipresencial<\/p>\n<p>[\/et_pb_text][et_pb_text _builder_version=&#8221;4.17.4&#8243; text_font=&#8221;|700|||||||&#8221; text_text_color=&#8221;#ffffff&#8221; text_font_size=&#8221;35px&#8221; text_orientation=&#8221;center&#8221; module_alignment=&#8221;center&#8221; global_colors_info=&#8221;{}&#8221;]<\/p>\n<h1><a class=\"popup-youtube\" href=\"https:\/\/www.youtube.com\/watch?v=Nw6K1TLuDoY\" target=\"_blank\" rel=\"noopener noreferrer\"><img loading=\"lazy\" src=\"http:\/\/derechosemipresencial.umh.es\/files\/2021\/06\/FireShot-Capture-066-Grado-en-Derecho-Semipresencial-derechosemipresencial.umh_.es_-1-e1624404268398.png\" alt=\"\" width=\"146\" height=\"43\"><br \/><\/a><\/h1>\n<p>[\/et_pb_text][\/et_pb_column][\/et_pb_row][\/et_pb_section][et_pb_section fb_built=&#8221;1&#8243; _builder_version=&#8221;4.16&#8243; global_colors_info=&#8221;{}&#8221;][et_pb_row _builder_version=&#8221;4.16&#8243; global_colors_info=&#8221;{}&#8221;][et_pb_column type=&#8221;4_4&#8243; _builder_version=&#8221;4.16&#8243; global_colors_info=&#8221;{}&#8221;][et_pb_text _builder_version=&#8221;4.17.4&#8243; global_colors_info=&#8221;{}&#8221;]<\/p>\n<h1><strong>PRESENTACI\u00d3N&nbsp;<\/strong><\/h1>\n<p>[\/et_pb_text][et_pb_accordion _builder_version=&#8221;4.17.4&#8243; global_colors_info=&#8221;{}&#8221;][et_pb_accordion_item title=&#8221;PALABRAS DE BIENVENIDA&#8221; open=&#8221;on&#8221; _builder_version=&#8221;4.17.4&#8243; global_colors_info=&#8221;{}&#8221;]<\/p>\n<p>&nbsp;<\/p>\n<p>&nbsp;<\/p>\n<p>&nbsp;<\/p>\n<p>&nbsp;<\/p>\n<p>Estimados y estimadas ESTUDIANTES:<\/p>\n<p>El pr\u00f3ximo viernes 12 <strong>de septiembre, a partir de las 15:30h<\/strong>, dar\u00e1 comienzo el curso acad\u00e9mico 2025\/2026 para el grado en Derecho semipresencial. A estos efectos, se ha organizado una jornada de bienvenida ese mismo d\u00eda <strong>en el aula 1.1., en la que el equipo decanal y los representantes de estudiantes del grado dar\u00e1n la bienvenida a los estudiantes de primer curso.&nbsp;<\/strong><\/p>\n<p>Como viene siendo habitual, la impartici\u00f3n de la docencia tendr\u00e1 lugar en las aulas 1.1 (1er curso), 1.2 (2\u00ba curso), 1.3 (3er curso) y 1.4 (4\u00ba curso) del edificio Altabix (Campus de Elche).<\/p>\n<p>Pod\u00e9is encontrar toda la informaci\u00f3n relativa a los&nbsp;<a href=\"https:\/\/derechosemipresencial.umh.es\/plan-de-estudios\/\">horarios de clase,<\/a>&nbsp;<a href=\"https:\/\/derechosemipresencial.umh.es\/plan-de-estudios\/\">calendario de ex\u00e1menes<\/a>&nbsp;y otras cuestiones de inter\u00e9s en&nbsp;<a href=\"https:\/\/derechosemipresencial.umh.es\/\">derechosemipresencial.umh.es<\/a>. Adem\u00e1s, os recomendamos que est\u00e9is atentos al correo electr\u00f3nico, as\u00ed como al Campus Moodle, pues a trav\u00e9s de ambas v\u00edas se ir\u00e1n publicando, a lo largo del curso, todas las noticias relativas al grado.<\/p>\n<p>&nbsp;<\/p>\n<p>&nbsp;<\/p>\n<p>Mucho \u00e1nimo para este nuevo curso que empieza.<\/p>\n<p>Un afectuoso saludo y bienvenidos a la UMH<\/p>\n<p>Paloma Arrabal Platero.&nbsp;<\/p>\n<p>Vicedecana del Grado en Derecho, modalidad semipresencial<\/p>\n<p>&nbsp;<\/p>\n<p><a href=\"https:\/\/www.youtube.com\/watch?v=gzTMljPYQxY\"><img loading=\"lazy\" class=\"wp-image-639 alignnone size-medium\" style=\"float: left\" src=\"http:\/\/derechosemipresencial.zeus.umh.es\/files\/2013\/02\/3YmdDg8g-300x300.jpeg\" alt=\"\" width=\"252\" height=\"252\" srcset=\"https:\/\/derechosemipresencial.umh.es\/files\/2013\/02\/3YmdDg8g-300x300.jpeg 300w, https:\/\/derechosemipresencial.umh.es\/files\/2013\/02\/3YmdDg8g-150x150.jpeg 150w, https:\/\/derechosemipresencial.umh.es\/files\/2013\/02\/3YmdDg8g-768x768.jpeg 768w, https:\/\/derechosemipresencial.umh.es\/files\/2013\/02\/3YmdDg8g.jpeg 992w\" sizes=\"(max-width: 252px) 100vw, 252px\" \/><\/a><\/p>\n<p>&nbsp;<\/p>\n<p>&nbsp;<\/p>\n<p>&nbsp;<\/p>\n<p>&nbsp;<\/p>\n<p>&nbsp;<\/p>\n<p>&nbsp;<\/p>\n<p>&nbsp;<\/p>\n<p>&nbsp;<\/p>\n<p>http:\/\/derecho.umh.es\/<span style=\"font-size: 14px\">&nbsp;<\/span><\/p>\n<p>[\/et_pb_accordion_item][et_pb_accordion_item _builder_version=&#8221;4.17.4&#8243; _module_preset=&#8221;default&#8221; global_colors_info=&#8221;{}&#8221; open=&#8221;off&#8221;][\/et_pb_accordion_item][\/et_pb_accordion][\/et_pb_column][\/et_pb_row][\/et_pb_section][et_pb_section fb_built=&#8221;1&#8243; _builder_version=&#8221;4.16&#8243; global_colors_info=&#8221;{}&#8221;][et_pb_row _builder_version=&#8221;4.16&#8243; global_colors_info=&#8221;{}&#8221;][et_pb_column type=&#8221;4_4&#8243; _builder_version=&#8221;4.16&#8243; global_colors_info=&#8221;{}&#8221;][et_pb_text _builder_version=&#8221;4.17.4&#8243; global_colors_info=&#8221;{}&#8221;]<\/p>\n<h1><strong>NOVEDADES<\/strong><\/h1>\n<p>[\/et_pb_text][et_pb_blog fullwidth=&#8221;off&#8221; posts_number=&#8221;6&#8243; include_categories=&#8221;all&#8221; excerpt_length=&#8221;150&#8243; show_more=&#8221;on&#8221; show_author=&#8221;off&#8221; show_categories=&#8221;off&#8221; show_pagination=&#8221;off&#8221; _builder_version=&#8221;4.16&#8243; border_width_all=&#8221;2px&#8221; border_color_all=&#8221;rgba(0,0,0,0)&#8221; global_colors_info=&#8221;{}&#8221;][\/et_pb_blog][\/et_pb_column][\/et_pb_row][\/et_pb_section]<\/p>\n","protected":false},"excerpt":{"rendered":"<p>Grado en Derecho SemipresencialPRESENTACI\u00d3N&nbsp;&nbsp; &nbsp; &nbsp; &nbsp; Estimados y estimadas ESTUDIANTES: El pr\u00f3ximo viernes 12 de septiembre, a partir de las 15:30h, dar\u00e1 comienzo el curso acad\u00e9mico 2025\/2026 para el grado en Derecho semipresencial. A estos efectos, se ha organizado una jornada de bienvenida ese mismo d\u00eda en el aula 1.1., en la que el [&hellip;]<\/p>\n","protected":false},"author":3004,"featured_media":0,"parent":0,"menu_order":0,"comment_status":"closed","ping_status":"closed","template":"","meta":{"_et_pb_use_builder":"on","_et_pb_old_content":"","_et_gb_content_width":"","ngg_post_thumbnail":0,"_links_to":"","_links_to_target":""},"_links":{"self":[{"href":"https:\/\/derechosemipresencial.umh.es\/ca\/wp-json\/wp\/v2\/pages\/1858"}],"collection":[{"href":"https:\/\/derechosemipresencial.umh.es\/ca\/wp-json\/wp\/v2\/pages"}],"about":[{"href":"https:\/\/derechosemipresencial.umh.es\/ca\/wp-json\/wp\/v2\/types\/page"}],"author":[{"embeddable":true,"href":"https:\/\/derechosemipresencial.umh.es\/ca\/wp-json\/wp\/v2\/users\/3004"}],"replies":[{"embeddable":true,"href":"https:\/\/derechosemipresencial.umh.es\/ca\/wp-json\/wp\/v2\/comments?post=1858"}],"version-history":[{"count":0,"href":"https:\/\/derechosemipresencial.umh.es\/ca\/wp-json\/wp\/v2\/pages\/1858\/revisions"}],"wp:attachment":[{"href":"https:\/\/derechosemipresencial.umh.es\/ca\/wp-json\/wp\/v2\/media?parent=1858"}],"curies":[{"name":"wp","href":"https:\/\/api.w.org\/{rel}","templated":true}]}}

Presentación

<p>[et_pb_section fb_built=&#8221;1&#8243; _builder_version=&#8221;4.16&#8243; background_image=&#8221;https://derechosemipresencial.umh.es/files/2021/06/1500&#215;500-1.jpg&#8221; height=&#8221;440px&#8221; global_colors_info=&#8221;{}&#8221;][et_pb_row _builder_version=&#8221;4.16&#8243; global_colors_info=&#8221;{}&#8221;][et_pb_column type=&#8221;4_4&#8243; _builder_version=&#8221;4.16&#8243; global_colors_info=&#8221;{}&#8221;][et_pb_text _builder_version=&#8221;4.17.4&#8243; text_font=&#8221;|600|||||||&#8221; text_text_color=&#8221;#ffffff&#8221; text_font_size=&#8221;35px&#8221; transform_scale=&#8221;94%|94%&#8221; transform_translate=&#8221;42px|-52px&#8221; text_orientation=&#8221;center&#8221; module_alignment=&#8221;center&#8221; global_colors_info=&#8221;{}&#8221;]</p>
<p>Grado en Derecho Semipresencial</p>
<p>[/et_pb_text][et_pb_text _builder_version=&#8221;4.17.4&#8243; text_font=&#8221;|700|||||||&#8221; text_text_color=&#8221;#ffffff&#8221; text_font_size=&#8221;35px&#8221; text_orientation=&#8221;center&#8221; module_alignment=&#8221;center&#8221; global_colors_info=&#8221;{}&#8221;]</p>
<h1><a class="popup-youtube" href="https://www.youtube.com/watch?v=Nw6K1TLuDoY" target="_blank" rel="noopener noreferrer"><img loading="lazy" src="http://derechosemipresencial.umh.es/files/2021/06/FireShot-Capture-066-Grado-en-Derecho-Semipresencial-derechosemipresencial.umh_.es_-1-e1624404268398.png" alt="" width="146" height="43"><br /></a></h1>
<p>[/et_pb_text][/et_pb_column][/et_pb_row][/et_pb_section][et_pb_section fb_built=&#8221;1&#8243; _builder_version=&#8221;4.16&#8243; global_colors_info=&#8221;{}&#8221;][et_pb_row _builder_version=&#8221;4.16&#8243; global_colors_info=&#8221;{}&#8221;][et_pb_column type=&#8221;4_4&#8243; _builder_version=&#8221;4.16&#8243; global_colors_info=&#8221;{}&#8221;][et_pb_text _builder_version=&#8221;4.17.4&#8243; global_colors_info=&#8221;{}&#8221;]</p>
<h1><strong>PRESENTACIÓN&nbsp;</strong></h1>
<p>[/et_pb_text][et_pb_accordion _builder_version=&#8221;4.17.4&#8243; global_colors_info=&#8221;{}&#8221;][et_pb_accordion_item title=&#8221;PALABRAS DE BIENVENIDA&#8221; open=&#8221;on&#8221; _builder_version=&#8221;4.17.4&#8243; global_colors_info=&#8221;{}&#8221;]</p>
<p>&nbsp;</p>
<p>&nbsp;</p>
<p>&nbsp;</p>
<p>&nbsp;</p>
<p>Estimados y estimadas ESTUDIANTES:</p>
<p>El próximo viernes 12 <strong>de septiembre, a partir de las 15:30h</strong>, dará comienzo el curso académico 2025/2026 para el grado en Derecho semipresencial. A estos efectos, se ha organizado una jornada de bienvenida ese mismo día <strong>en el aula 1.1., en la que el equipo decanal y los representantes de estudiantes del grado darán la bienvenida a los estudiantes de primer curso.&nbsp;</strong></p>
<p>Como viene siendo habitual, la impartición de la docencia tendrá lugar en las aulas 1.1 (1er curso), 1.2 (2º curso), 1.3 (3er curso) y 1.4 (4º curso) del edificio Altabix (Campus de Elche).</p>
<p>Podéis encontrar toda la información relativa a los&nbsp;<a href="https://derechosemipresencial.umh.es/plan-de-estudios/">horarios de clase,</a>&nbsp;<a href="https://derechosemipresencial.umh.es/plan-de-estudios/">calendario de exámenes</a>&nbsp;y otras cuestiones de interés en&nbsp;<a href="https://derechosemipresencial.umh.es/">derechosemipresencial.umh.es</a>. Además, os recomendamos que estéis atentos al correo electrónico, así como al Campus Moodle, pues a través de ambas vías se irán publicando, a lo largo del curso, todas las noticias relativas al grado.</p>
<p>&nbsp;</p>
<p>&nbsp;</p>
<p>Mucho ánimo para este nuevo curso que empieza.</p>
<p>Un afectuoso saludo y bienvenidos a la UMH</p>
<p>Paloma Arrabal Platero.&nbsp;</p>
<p>Vicedecana del Grado en Derecho, modalidad semipresencial</p>
<p>&nbsp;</p>
<p><a href="https://www.youtube.com/watch?v=gzTMljPYQxY"><img loading="lazy" class="wp-image-639 alignnone size-medium" style="float: left" src="http://derechosemipresencial.zeus.umh.es/files/2013/02/3YmdDg8g-300x300.jpeg" alt="" width="252" height="252" srcset="https://derechosemipresencial.umh.es/files/2013/02/3YmdDg8g-300x300.jpeg 300w, https://derechosemipresencial.umh.es/files/2013/02/3YmdDg8g-150x150.jpeg 150w, https://derechosemipresencial.umh.es/files/2013/02/3YmdDg8g-768x768.jpeg 768w, https://derechosemipresencial.umh.es/files/2013/02/3YmdDg8g.jpeg 992w" sizes="(max-width: 252px) 100vw, 252px" /></a></p>
<p>&nbsp;</p>
<p>&nbsp;</p>
<p>&nbsp;</p>
<p>&nbsp;</p>
<p>&nbsp;</p>
<p>&nbsp;</p>
<p>&nbsp;</p>
<p>&nbsp;</p>
<p>http://derecho.umh.es/<span style="font-size: 14px">&nbsp;</span></p>
<p>[/et_pb_accordion_item][et_pb_accordion_item _builder_version=&#8221;4.17.4&#8243; _module_preset=&#8221;default&#8221; global_colors_info=&#8221;{}&#8221; open=&#8221;off&#8221;][/et_pb_accordion_item][/et_pb_accordion][/et_pb_column][/et_pb_row][/et_pb_section][et_pb_section fb_built=&#8221;1&#8243; _builder_version=&#8221;4.16&#8243; global_colors_info=&#8221;{}&#8221;][et_pb_row _builder_version=&#8221;4.16&#8243; global_colors_info=&#8221;{}&#8221;][et_pb_column type=&#8221;4_4&#8243; _builder_version=&#8221;4.16&#8243; global_colors_info=&#8221;{}&#8221;][et_pb_text _builder_version=&#8221;4.17.4&#8243; global_colors_info=&#8221;{}&#8221;]</p>
<h1><strong>NOVEDADES</strong></h1>
<p>[/et_pb_text][et_pb_blog fullwidth=&#8221;off&#8221; posts_number=&#8221;6&#8243; include_categories=&#8221;all&#8221; excerpt_length=&#8221;150&#8243; show_more=&#8221;on&#8221; show_author=&#8221;off&#8221; show_categories=&#8221;off&#8221; show_pagination=&#8221;off&#8221; _builder_version=&#8221;4.16&#8243; border_width_all=&#8221;2px&#8221; border_color_all=&#8221;rgba(0,0,0,0)&#8221; global_colors_info=&#8221;{}&#8221;][/et_pb_blog][/et_pb_column][/et_pb_row][/et_pb_section]</p>

<p>Grado en Derecho SemipresencialPRESENTACIÓN&nbsp;&nbsp; &nbsp; &nbsp; &nbsp; Estimados y estimadas ESTUDIANTES: El próximo viernes 12 de septiembre, a partir de las 15:30h, dará comienzo el curso académico 2025/2026 para el grado en Derecho semipresencial. A estos efectos, se ha organizado una jornada de bienvenida ese mismo día en el aula 1.1., en la que el [&hellip;]</p>
